{"id":239,"date":"2025-06-29T14:37:44","date_gmt":"2025-06-29T12:37:44","guid":{"rendered":"https:\/\/carbonesis.fr\/?page_id=239"},"modified":"2025-08-08T20:59:19","modified_gmt":"2025-08-08T18:59:19","slug":"le-charbon-actif-reellement-francais","status":"publish","type":"page","link":"https:\/\/carbonesis.fr\/","title":{"rendered":"Carbonesis\u00ae"},"content":{"rendered":"\n<div>\n<h4 class=\"wp-block-heading alignwide has-text-align-wide has-extra-large-font-size\" style=\"line-height:1.1\">Le Kerboun\u00ae : b\u00e2ton de charbon actif durable <em>(brevet d\u00e9pos\u00e9)<\/em><\/h4>\n<\/div>\n\n\n\n<p class=\"has-text-align-center\"><\/p>\n\n\n\n<figure class=\"wp-block-image size-full is-resized\"><img loading=\"lazy\" decoding=\"async\" width=\"347\" height=\"292\" src=\"http:\/\/carbonesis.fr\/wp-content\/uploads\/2025\/06\/logo.png\" alt=\"\" class=\"wp-image-88\" style=\"width:472px;height:auto\" srcset=\"https:\/\/carbonesis.fr\/wp-content\/uploads\/2025\/06\/logo.png 347w, https:\/\/carbonesis.fr\/wp-content\/uploads\/2025\/06\/logo-300x252.png 300w\" sizes=\"auto, (max-width: 347px) 100vw, 347px\" \/><\/figure>\n\n\n\n<h2 class=\"wp-block-heading alignwide\" id=\"we-re-a-studio-in-berlin-with-an-international-practice-in-architecture-urban-planning-and-interior-design-we-believe-in-sharing-knowledge-and-promoting-dialogue-to-increase-the-creative-potential-of-collaboration\" style=\"font-size:34px;line-height:1.1\"><\/h2>\n\n\n\n<p><strong>Carbonesis\u00ae<\/strong> est une entreprise cr\u00e9\u00e9e en 2025. Elle con\u00e7oit et fabrique du charbon actif \u00e0 partir de bois dur. Le nom Carbonesis\u00ae est une marque d\u00e9pos\u00e9e et d\u00e9signe une solution de filtration sobre, sans plastique, destin\u00e9e aux foyers et aux professionnels. Tandis que des milliards sont engloutis dans des produits jetables, polluants et sans utilit\u00e9 r\u00e9elle, <strong>Carbonesis\u00ae repr\u00e9sente le passage d\u2019une soci\u00e9t\u00e9 de consommation \u00e0 une soci\u00e9t\u00e9 de discernement<\/strong>. Une production sobre et qui se consacre \u00e0 l\u2019\u00e9l\u00e9ment le plus inh\u00e9rent \u00e0 la vie : l\u2019eau.<\/p>\n\n\n\n<figure class=\"wp-block-image size-large\"><img loading=\"lazy\" decoding=\"async\" width=\"1024\" height=\"574\" src=\"http:\/\/carbonesis.fr\/wp-content\/uploads\/2025\/07\/usine-1024x574.jpg\" alt=\"\" class=\"wp-image-441\" srcset=\"https:\/\/carbonesis.fr\/wp-content\/uploads\/2025\/07\/usine-1024x574.jpg 1024w, https:\/\/carbonesis.fr\/wp-content\/uploads\/2025\/07\/usine-300x168.jpg 300w, https:\/\/carbonesis.fr\/wp-content\/uploads\/2025\/07\/usine-768x430.jpg 768w, https:\/\/carbonesis.fr\/wp-content\/uploads\/2025\/07\/usine-1536x861.jpg 1536w, https:\/\/carbonesis.fr\/wp-content\/uploads\/2025\/07\/usine-1568x879.jpg 1568w, https:\/\/carbonesis.fr\/wp-content\/uploads\/2025\/07\/usine.jpg 1925w\" sizes=\"auto, (max-width: 1024px) 100vw, 1024px\" \/><\/figure>\n\n\n\n<p class=\"gb-text\">L\u2019approvisionnement en bois est conditionn\u00e9 \u00e0 une gestion r\u00e9g\u00e9n\u00e9r\u00e9e des espaces forestiers fran\u00e7ais et la distribution privil\u00e9gie l&rsquo;humain au num\u00e9rique.<br>Cette logistique minimise l\u2019empreinte transport (aucun import), essentielle pour la neutralit\u00e9 carbone du p\u00e9rim\u00e8tre.<br>Le produit final et son emballage en simple kraft sont d\u00e9pourvus de polym\u00e8res de synth\u00e8se et d\u2019hydrocarbures fossiles, donc sans microplastiques ni r\u00e9sidus p\u00e9troliers.<br>La production s\u00e9questre durablement du carbone tout en fournissant un mat\u00e9riau poreux haute performance.<\/p>\n\n\n\n<p style=\"font-style:normal;font-weight:400\"><strong>Carbonesis\u00ae<\/strong> l&rsquo;anti \u00ab\u00a0<em>binchotan<\/em>\u00a0\u00bb :<\/p>\n\n\n\n<p style=\"font-style:normal;font-weight:400\">Contrairement \u00e0 nos Kerbouns\u00ae, d\u00e9velopp\u00e9s avec \u00e9thique, le \u00ab\u00a0<em>binchotan<\/em>\u00a0\u00bb import\u00e9 et parfois conditionn\u00e9 en France pour donner une illusion de circuit court, vendu sans tra\u00e7abilit\u00e9 \u00e0 prix exorbitant, absorbe <strong>peu de polluants<\/strong> et de compos\u00e9s organiques. Le \u00ab\u00a0<em>binchotan<\/em>\u00a0\u00bb est un pur produit marketing en tant que d\u00e9polluant, surfant sur une ambiance japonisante, mais ce n&rsquo;est que du charbon.<\/p>\n\n\n\n<p style=\"font-style:normal;font-weight:400\"><strong>Le \u00ab\u00a0binchotan\u00a0\u00bb \u00e0 l&#8217;empreinte carbone tr\u00e8s \u00e9lev\u00e9e<\/strong> <strong>n\u2019est pas du charbon actif<\/strong>: il n\u2019est <strong>ni activ\u00e9 \u00e0 la vapeur<\/strong>, ni soumis \u00e0 un traitement chimique ou thermique d\u2019activation et poss\u00e8de donc une <strong>surface sp\u00e9cifique faible<\/strong> (~300\u202fm\u00b2\/g) compar\u00e9e \u00e0 celle d\u2019un charbon activ\u00e9 industriel (~1000 \u00e0 1800\u202fm\u00b2\/g. c&rsquo;est un gadget finalement polluant et sans tra\u00e7abilit\u00e9.<\/p>\n\n\n\n<p>Carbonesis\u00ae proc\u00e8de \u00e0 une <strong>activation physique <\/strong>, assurant une porosit\u00e9 \u00e9lev\u00e9e, contr\u00f4l\u00e9e et reproductible. Cela garantit une <strong>efficacit\u00e9 de filtration scientifiquement mesurable<\/strong> et conforme aux normes d\u2019usage. <\/p>\n\n\n\n<p><\/p>\n\n\n\n<div>\n<div class=\"wp-block-group alignfull\" style=\"margin-top:0;margin-bottom:0;padding-top:var(--wp--preset--spacing--50);padding-right:var(--wp--preset--spacing--50);padding-bottom:var(--wp--preset--spacing--50);padding-left:var(--wp--preset--spacing--50)\"><div class=\"wp-block-group__inner-container is-layout-constrained wp-container-core-group-is-layout-9cf8f26d wp-block-group-is-layout-constrained\">\n<p><\/p>\n\n\n\n<img loading=\"lazy\" decoding=\"async\" width=\"336\" height=\"521\" class=\"gb-media-b9e0b794\" alt=\"\" src=\"http:\/\/carbonesis.fr\/wp-content\/uploads\/2025\/06\/p10.png\" title=\"p10\" srcset=\"https:\/\/carbonesis.fr\/wp-content\/uploads\/2025\/06\/p10.png 336w, https:\/\/carbonesis.fr\/wp-content\/uploads\/2025\/06\/p10-193x300.png 193w\" sizes=\"auto, (max-width: 336px) 100vw, 336px\" \/>\n\n\n\n<p><strong>Carbonesis\u00ae est une entreprise sp\u00e9cialis\u00e9e dans la fabrication sur le territoire normand de charbon actif en b\u00e2ton, le Kerboun<strong>\u00ae<\/strong>. Notre proc\u00e9d\u00e9 repose sur l\u2019utilisation de bois dur , activ\u00e9 par vapeur, sans additif chimique.<\/strong><br><strong>Les b\u00e2tons de charbon Carbonesis\u00ae permettent de purifier naturellement l\u2019eau potable en les laissant tremper pendant une nuit<\/strong>.<br><strong>Chaque \u00e9tape de production est r\u00e9alis\u00e9e dans le respect des mat\u00e9riaux naturels et sans reconstitution. <\/strong><br><strong>Avec Carbonesis\u00ae, vous choisissez une solution simple, efficace, bio-sourc\u00e9e et transparente.<\/strong><\/p>\n\n\n<div class=\"wp-block-image\">\n<figure class=\"aligncenter size-full\"><img loading=\"lazy\" decoding=\"async\" width=\"194\" height=\"89\" src=\"http:\/\/carbonesis.fr\/wp-content\/uploads\/2025\/06\/bbr.png\" alt=\"\" class=\"wp-image-181\"\/><\/figure>\n<\/div>\n\n\n<p class=\"gb-text gb-text-cfdf24a1\"><br><strong><kbd>contact@carbonesis.fr<\/kbd><\/strong><\/p>\n<\/div><\/div>\n<\/div>\n\n\n\n<p class=\"has-text-align-center\"><strong>Carbonesis\u00ae<\/strong> tous droits<\/p>\n","protected":false},"excerpt":{"rendered":"<p>Le Kerboun\u00ae : b\u00e2ton de charbon actif durable (brevet d\u00e9pos\u00e9) Carbonesis\u00ae est une entreprise cr\u00e9\u00e9e en 2025. Elle con\u00e7oit et fabrique du charbon actif \u00e0 partir de bois dur. Le nom Carbonesis\u00ae est une marque d\u00e9pos\u00e9e et d\u00e9signe une solution de filtration sobre, sans plastique, destin\u00e9e aux foyers et aux professionnels. Tandis que des milliards&hellip; <a class=\"more-link\" href=\"https:\/\/carbonesis.fr\/\">Poursuivre la lecture <span class=\"screen-reader-text\">Carbonesis\u00ae<\/span><\/a><\/p>\n","protected":false},"author":1,"featured_media":0,"parent":0,"menu_order":0,"comment_status":"closed","ping_status":"closed","template":"","meta":{"footnotes":""},"class_list":["post-239","page","type-page","status-publish","hentry","entry"],"_links":{"self":[{"href":"https:\/\/carbonesis.fr\/index.php\/wp-json\/wp\/v2\/pages\/239","targetHints":{"allow":["GET"]}}],"collection":[{"href":"https:\/\/carbonesis.fr\/index.php\/wp-json\/wp\/v2\/pages"}],"about":[{"href":"https:\/\/carbonesis.fr\/index.php\/wp-json\/wp\/v2\/types\/page"}],"author":[{"embeddable":true,"href":"https:\/\/carbonesis.fr\/index.php\/wp-json\/wp\/v2\/users\/1"}],"replies":[{"embeddable":true,"href":"https:\/\/carbonesis.fr\/index.php\/wp-json\/wp\/v2\/comments?post=239"}],"version-history":[{"count":67,"href":"https:\/\/carbonesis.fr\/index.php\/wp-json\/wp\/v2\/pages\/239\/revisions"}],"predecessor-version":[{"id":467,"href":"https:\/\/carbonesis.fr\/index.php\/wp-json\/wp\/v2\/pages\/239\/revisions\/467"}],"wp:attachment":[{"href":"https:\/\/carbonesis.fr\/index.php\/wp-json\/wp\/v2\/media?parent=239"}],"curies":[{"name":"wp","href":"https:\/\/api.w.org\/{rel}","templated":true}]}}